mine t(i).
4
Suppose 3*a - 10 = -1. Suppose -a*q = 5*w - 134, -5*q + 4 = -w + 14. Suppose 0 = 5*r - 4*g + w - 5, 3*r + 12 = 5*g. Let y(d) = -2*d - 5. What is y(r)?
3
Suppose -5*n + 21 = -2*z - z, -z - n = 7. Let k(f) = -f**3 - 8*f**2 - 8*f + 4. Give k(z).
11
Let r = 3 + -1. Let w(y) = 0 + 2 - 3 + y. Determine w(r).
1
Let n(f) = -3*f**3 + 1. Let q be n(-1). Let j(o) = o**2 - 1 - 3 + 12*o - q*o + 0*o**2. Give j(-8).
-4
Let p(f) = 5*f**2 + 2*f + 1. Let l(k) = -k**3 + 6*k**2 - 4*k - 6. Let x be l(5). Give p(x).
4
Let b(u) = -2*u + 7. Let c be (-5)/(-2) + 8/16. Suppose -2*z + 2*h + 16 = 0, 4*z + c*h = 2*z + 1. What is b(z)?
-3
Let h(d) be the second derivative of d**4/12 + 3*d**3/2 - 9*d. Determine h(-9).
0
Let o(l) = -3*l. Suppose 62 = -14*u + 6. Determine o(u).
12
Let y(t) = -t**2 + 3*t + 4. Let s be (-1 - 4/(-2)) + (-12)/(-3). Determine y(s).
-6
Let k = 4 + 2. Let a be k/(-10) - 2/5. Let d(q) = q - 6*q**2 + 3 - 3. Give d(a).
-7
Let l(v) be the second derivative of -v**3/6 + 13*v**2/2 + 2*v. Let o(u) = u**2 + 2. Let s be o(-2). Determine l(s).
7
Let s(j) = -4*j. Let b be 1 + 2*(-9)/6. What is s(b)?
8
Let n(k) = -k**2 - 9*k - 1. Let d be n(-4). Let t = d - 17. Let y(l) = -2*l**2 + 4*l - 2. Calculate y(t).
-2
Let r(j) = j. Suppose -1 = s, -2*x + 6*x - 4*s = -4. Let y be 53/(-5) + x/5. Let k = -7 - y. Give r(k).
4
Let k(x) be the third derivative of -x**9/60480 + x**8/10080 + x**7/1260 - x**5/20 - 5*x**2. Let q(o) be the third derivative of k(o). What is q(3)?
3
Let q(i) = -4*i**2 - 3*i - 1. Let a(w) be the second derivative of w**3/6 - w**2 + 4*w. Let u be a(0). Determine q(u).
-11
Let u(r) be the first derivative of r**3 + r**2 - r + 24. What is u(2)?
15
Suppose 5*b = 3*v + 2 + 8, -4*v - b + 2 = 0. Let d(j) = -4*j**3 - 5 - j**3 + v*j + 6*j**2 + 7*j + 4*j**3. Calculate d(7).
-5
Suppose -5*r - 20 = v, v + 3*v = -5*r - 20. Suppose 4*y + y = v. Let w(t) = y + 3 - t**3 - t + 0*t. Determine w(0).
3
Suppose -3*m + 1 = 3*u + 7, 2*m + 9 = 3*u. Let a(w) = -w**2 - 2*w + 3. Give a(m).
0
Suppose 0 = 4*o - o. Suppose o = -v + 1 + 4. Let j(a) = 4*a + 2 - a**3 - 3*a**2 - 4*a + v*a. Determine j(-4).
-2
Let d(m) = -m**2 - m - 1. Let b(t) = 5*t**2 + 10*t + 9. Let v(i) = b(i) + 6*d(i). Give v(4).
3
Let t(h) = h. Suppose 2*a = -3*v + 21, -5*v = 2*a + 3*a - 40. What is t(v)?
5
Let v(b) = b - 7 + 7*b - 2*b - 7*b. Determine v(0).
-7
Let f = 17 + -7. Let p = -6 + f. Let u(j) = 6*j + 8. Let k(i) = -5*i - 7. Let h(c) = p*u(c) + 5*k(c). Determine h(0).
-3
Let y(x) = -x + 2. Let u = -1 + 3. What is y(u)?
0
Let i(t) be the third derivative of t**4/8 - t**3 + 10*t**2. Calculate i(5).
9
Let v(t) = -2*t**3 + 3*t**2 - t + 2. Let l be v(2). Let j(x) = -x**2 - 4*x. What is j(l)?
0
Let i(w) = 4*w - 1. Let u(d) = d. Let s(z) = -4*i(z) + 22*u(z). Determine s(-4).
-20
Let k(j) = -j**3 + 6*j**2 + 2*j - 9. Let b be 8/(-6)*(-90)/20. Determine k(b).
3
Let x(y) = y - 1. Let k(i) = -6*i - 3. Let p(s) = k(s) + 4*x(s). Let t be p(-5). Let z(w) = -w**3 + 3*w**2 - 2*w - 2. Calculate z(t).
-8
Suppose -t - 17 = -5*w, 3*t - 13 = -2*w + 4. Let p be 18/w*2/3. Suppose 0 = p*z + 2*z. Let u(b) = b**3 + b**2 - b + 2. Give u(z).
2
Let b(k) = k**3 - k**2 - k - 1. Let n(y) = -2*y**3 - 6*y**2 - 3*y + 5. Let i(x) = b(x) + n(x). Give i(-6).
-8
Let c(f) = 3*f**3 - f**2 - 2*f. Let u be (-1 + 8 - 3)/2. Calculate c(u).
16
Let j(g) = -3*g**2 - 2 + g - 4*g - 2 - 5. Let s(d) = -4*d**2 - 2*d - 10. Let l(a) = -3*j(a) + 2*s(a). Give l(-5).
7
Let l(k) = k**2 + k + 5. Let r(n) = -2*n**3 + 3*n**2 + 3*n - 2. Let h be r(2). What is l(h)?
5
Let v(t) = t**3 - 4*t**2 - t - 1. Suppose 3*m + 2*m = s + 3, s = 3*m - 1. Suppose 1 = s*w - 7. Let r be v(w). Let p(x) = x**3 + 6*x**2 + 6*x + 3. What is p(r)?
-2
Let a(v) = 5*v**2 + 6*v + 7. Let b(g) = -9*g**2 - 11*g - 13. Let n(h) = 7*a(h) + 4*b(h). Give n(-4).
-11
Suppose -9 = -b + 3. Let p(m) = m**3 - 12*m**2 - m + 13. Calculate p(b).
1
Suppose -4*a = -5*a + 8. Let i = a - 6. Let u(z) be the second derivative of -z**5/20 + z**4/6 + z**3/3 - z**2 - 4*z. What is u(i)?
2
Suppose 4*v + 2*q = 38, -2*q - 5 = -v - 3. Let i(s) = v + s - 2 - 9 - 1. Let a = 2 - -1. Determine i(a).
-1
Let k(z) = -2*z**2 + 3*z - 1. Let p be 2/(-12) - 3/(-18). Suppose d + 3*d - 12 = p. Calculate k(d).
-10
Let v(g) be the first derivative of -1/3*g**3 + 5 - 2*g + 3/2*g**2. What is v(4)?
-6
Let s(v) = -2*v**2 + 4*v - 3. Let f = -20 - -25. Suppose -2*b = -f*b + 6. What is s(b)?
-3
Let a(q) be the first derivative of 2*q + 1/4*q**4 + 1 - 1/2*q**2 + 0*q**3. Let h be -1 - (0/(-1) - -1). Determine a(h).
-4
Let o(j) = -21 + 10 + 10 + 3 - j. Calculate o(-4).
6
Let m be 5 - 0 - (-14)/(-7). Let v(g) = -g**2 - g + 1. Let x(j) = 4*j**2 - 2*j + 1. Let z(p) = -2*v(p) - x(p). Give z(m).
-9
Let y = -144 + 146. Let l(k) = 6*k + 6. Let s(m) = 5*m + 5. Let a(c) = -3*l(c) + 4*s(c). What is a(y)?
6
Suppose 35 = 4*o - 5. Let w be 5 - o - (-3 + 0). Let j(b) = -b. Calculate j(w).
2
Suppose -7 = -2*p + m, -4*p = -m - 15 + 4. Suppose -6*s - 12 = -p*s. Let l be ((2 - 1)*s)/(-1). Let k(t) = -t**2 + 3*t + 4. What is k(l)?
4
Let f(p) = p**2 + p + 6. Suppose 5*a + 14 = -3*w, -w + 0*a = -2*a - 10. Suppose w*i - 25 = -7. Let t(v) = -v**3 + 8*v**2 + 9*v. Let r be t(i). Determine f(r).
6
Let q(c) = 18*c - 7*c - 12*c. Determine q(-7).
7
Let m(j) = 3 - 5*j + 1 - 3. Suppose -3*w + 7*w = -5*l - 3, -5*l - 9 = 2*w. Suppose 0 = -2*x - 3*y - 5, 2*x - y + 2*y + w = 0. Determine m(x).
6
Suppose 0 = -4*k - 0*k + 24. Let h = k + -4. Let u(t) = t**h + 7*t - 2*t + 10 - 4. What is u(-5)?
6
Suppose 3 = k + 1. Suppose k + 10 = 4*a. Let x(z) = 8 - 3 + z - z**a - 3*z**2 + z**2 - 3. What is x(-2)?
0
Let j(d) = -d + 8. Let b(u) = 2*u - 17. Let s(a) = -2*b(a) - 5*j(a). Suppose 2*c - 5*y = -25, 5*c - 9*y + 10*y = 5. What is s(c)?
-6
Let a = -2 + 3. Suppose -a = -t - 3. Let r(j) = 0*j - 5*j**2 - 3 - 4*j + 7*j**2 - 3*j**2. Determine r(t).
1
Let m(v) = -1 - 16*v**3 + 4 + 17*v**3 + 4*v**2 - v. Calculate m(-4).
7
Suppose -3*w - 5 = 2*k - 2*w, 20 = -4*k - 4*w. Let d(c) = -3*c**2 + k + 3 + 5*c + c**2 - 6. Calculate d(3).
-6
Suppose 4*l = 5*l. Let b be (l/(-5 - -2))/2. Suppose 0 = t - b + 1. Let z(u) = 4*u. Give z(t).
-4
Let o(v) be the second derivative of -v**5/20 + 2*v**4/3 - v**3/6 + 5*v**2 - 22*v. Determine o(8).
2
Let r(g) = -g**3 - 2*g**2 + 3*g. Let l(x) be the first derivative of x**4/4 + 4*x**3/3 + 2*x**2 - 2. Let k be l(-3). Calculate r(k).
0
Let l(z) = 6*z**2. Suppose 9*n - 8*n - 1 = 0. What is l(n)?
6
Let k = 8 - 6. Suppose -5*l + 15 = -k*l. Let c(m) = -m + 5. Determine c(l).
0
Let g(c) = c**2 + c - 1. Suppose -3*t + 2*a + 17 = 0, a + 6 = -2*t + 15. Suppose 3*j - 9 = 3*q - 0*q, t*j + 5 = q. What is g(j)?
1
Let v(s) = -s**3 - 2*s**2 - 2*s. Suppose -q + 1 = 3. Let t be v(q). Let f(r) = -r + 3. Calculate f(t).
-1
Suppose 9 = 4*w + 25. Let m(c) = -c**3 - 4*c**2 + c + 3. Give m(w).
-1
Suppose -3*f - 1 - 1 = -x, -3*f - 5*x + 28 = 0. Let a(v) = -4*v. Determine a(f).
-4
Let h(v) = v**3 - 6*v**2 - 6*v - 7. Let m be h(7). Suppose -4*i - 4 = -m*i. Let g be 1 + i/1*3. Let a(b) = -b**3 + b**2 + 4*b + 3. Give a(g).
7
Let y be 1*-2*1 + 3. Let o(d) = 5*d**3 + 2*d**2 - d + 1. Let m = -10 - -8. Let v(g) = g**2 - g + 1. Let u(r) = m*v(r) + o(r). Calculate u(y).
5
Let c(t) = -t**3 + 8*t**2 - 6*t - 7. Let b(j) = 15*j**2 - 2*j**3 - 13 + 0 - 8*j - 3*j. Let n(q) = -4*b(q) + 7*c(q). Suppose -5*g + 4 = -11. What is n(g)?
0
Let l be (-1)/((-1 + 3)/(-2)). Let w(x) = -3*x**2 - l + 5*x + x + 4*x**2. Determine w(-6).
-1
Let d(t) = -3*t**3 - 2*t**2 - 5*t - 8. Let r(g) = 4*g**3 + 3*g**2 + 6*g + 9. Let p(m) = 7*d(m) + 6*r(m). Let z = -2 - 0. Determine p(z).
-12
Let b(g) be the first derivative of -g**2/2 - g - 8. Suppose -o = -3*l, -4*l = -2*o - 2*o + 8. Suppose -3*t = 2*n, 5*t - 3 = -4*n - l. Determine b(t).
1
Let f(x) be the third derivative of -x**6/120 + 7*x**5/60 - x**4/12 - 4*x**3/3 + 29*x**2. Determine f(6).
16
Let u = -5 - -10. Let k(q) = 10*q - u - 10*q + q**2. Determine k(0).
-5
Let x(a) = a**2 + 9*a - 8. Let m be x(-10). Suppose -1 = -i + m. Let o(p) = -p**3 + 3*p**2 + 5*p - 3. What is o(i)?
12
Let l(r) = 5*r**2 + 5*r - 11. Let h(s) = -2*s**2 - 2*s + 6. Let z(q) = -7*h(q) - 3*l(q). Determine z(0).
-9
Let o(t) be the second derivative of t**3/6 + 5*t. Give o(0).
0
Let i(s) = -s**2 + s - 5